 Is p prime?
False
Suppose -3*i - 4*f + 22921 = -15522, -5*i - 5*f = -64070. Is i composite?
True
Suppose 0*m + s - 4 = 5*m, -2*m = 4*s - 16. Suppose v - 31 = -5*d - m*v, -2*v - 15 = -d. Is d composite?
False
Let x(i) be the first derivative of -15*i**2 + 11*i - 1. Is x(-8) a prime number?
True
Let y = 6561 + -2743. Suppose -2*v - 4*s + s = -y, 2*s + 7668 = 4*v. Is v composite?
True
Let c(p) = -95*p + 89. Is c(-30) a composite number?
False
Let b = -1984 - -1145. Let r = -96 - b. Is r composite?
False
Let g = -31 + 30. Let n(k) = 2*k + 387*k**2 + 4 + 179*k**2 - 3. Is n(g) composite?
True
Is 4543 + -1 - -4*15/12 prime?
True
Let x = 6 + -3. Suppose b = -2*r + 4, 0 = -3*r + 3*b - 15 + x. Let j = r + 11. Is j composite?
False
Let c(x) be the first derivative of -17*x**4 - x**2 - x - 4. Let n(t) = -t - 4. Let z be n(-3). Is c(z) prime?
False
Suppose 667 + 1433 = 3*g. Let f = g + -281. Is f a composite number?
False
Is (920896/8 - 1) + (3 - 1) composite?
True
Let y = -288 - 93. Let g = y + 736. Is g a composite number?
True
Is (7/((-70)/(-10)))/((-1)/(-1351)) prime?
False
Suppose -208083 = -4*n + x, -n = -x - 22143 - 29877. Is n composite?
False
Let y(t) = 30*t**2 + 21*t + 23. Let u be y(-7). Let n = u - 457. Is n a composite number?
True
Let d = 10 - 7. Let l(s) = -s**3 + 2*s**2 + 2*s + 1. Let b be l(d). Let h(j) = -386*j - 5. Is h(b) prime?
False
Suppose -2*q + 5308 = -0*q. Let r = -1119 + q. Suppose s + r = 6*s. Is s prime?
True
Suppose 0 = -3*h - 2*h + 4*i + 19275, 5*h - 2*i - 19285 = 0. Is h prime?
False
Let g(w) = w**3 + 10*w**2 + 10*w + 6. Let j be g(-9). Let c be 2/j - 1743/(-9). Let r = c + 178. Is r a composite number?
True
Let h be (-45)/(-12) + 6/(-8). Suppose 5*x - 2939 = 4*r, -261 = 2*x - h*r - 1431. Suppose 744 = 5*m - x. Is m composite?
True
Suppose 4*a = -444 - 392. Let t = 358 + a. Is t prime?
True
Suppose 0*d - 944 = 4*d. Let o = -49 - d. Is o prime?
False
Suppose -5*w = f - 2423, -3*w + 0*f + 3*f = -1461. Is w prime?
False
Suppose v = 4*v - 6. Suppose 5*k - 27 = -2*a, v*k = -3*a + 18 + 6. Suppose 0 = -n + a*n - 1475. Is n a prime number?
False
Let n(h) = 34*h**2 + 8*h - 45. Is n(-19) composite?
True
Suppose 4*c + 30 = 2*l + 3*l, 4*c = l - 22. Suppose -5*x - 4 = -4*b - 0, 2*b + 24 = -4*x. Is ((-190)/b)/(l/4) composite?
True
Suppose 14 + 11 = -5*v, -r = 3*v - 15800. Is r composite?
True
Suppose -5*h - p = 865, 60 = -4*h - 4*p - 616. Let j = 74 - 121. Let g = j - h. Is g a composite number?
False
Is 12966 + 9/27*-15 prime?
False
Let t = -8966 - -29529. Is t composite?
False
Let a = 5 - -1. Suppose -3*w - a = -p - 5*w, -5*p = 4*w - 24. Let f(h) = 2*h**3 + 5*h**2 - 4*h - 1. Is f(p) prime?
True
Suppose -7159 = 5*y - h, -3504 = 5*y - 4*h + 3667. Let w = 536 - y. Is w a prime number?
False
Is 2454/36*30/5 prime?
True
Let d(w) = -259*w**3 + 0*w**2 + 236*w**3 - 1 + w**2. Is d(-2) a composite number?
True
Let s(r) = 9*r**3 + 9*r**2 - 5*r - 11. Let b(w) = 5*w**3 + 4*w**2 - 3*w - 5. Let a(i) = -7*b(i) + 4*s(i). Is a(-7) prime?
False
Let o = -12 + 14. Suppose -o*g = -g - 5. Suppose -3*m = l - g*l + 98, 0 = -2*l - 2*m + 42. Is l a composite number?
False
Suppose -11*z - 542 = -71173. Is z composite?
False
Suppose -5*m - 3*y + 79084 = 0, -4*m = -2*y - 43556 - 19698. Is m prime?
False
Let c(a) = 9*a**2 - 27*a + 30. Let u(f) = -3*f**2 + 9*f - 10. Suppose 4*x - 2 = 3*g, 5*g - x + 9 = -0*g. Let y(b) = g*c(b) - 7*u(b). Is y(7) a prime number?
False
Let w = -30 - -28. Is 17200/36 + w/(-9) a prime number?
False
Let a(g) = -9856*g - 513. Is a(-5) prime?
True
Let j = 36 + -34. Suppose -2*v + 5*w = -27, 5*w = j*v + v - 33. Let b(u) = u**3 - 3*u**2 + 6*u + 5. Is b(v) a composite number?
False
Let q(t) be the third derivative of -5*t**4/24 + t**3/3 + 56*t**2. Let v be 2/(-4) - (-14)/(-4). Is q(v) prime?
False
Let c = -29098 - -43549. Is c a prime number?
False
Let q = 123858 + -74527. Is q prime?
True
Suppose -5*u + 11465 = -87590. Is u a composite number?
True
Let x = 21 - 12. Suppose 12 = 4*v + 4*z, 0*v = 5*v - z - x. Suppose 0 = v*h + 2*u - 32, -h + 4*u - 78 = -6*h. Is h prime?
False
Let y(r) = -r**3 - 13*r**2 + 23*r - 3. Let c be y(-19). Suppose -14*b = -12*b - c. Is b composite?
False
Let w = -1238 - -712. Let z = w + 327. Let l = 666 + z. Is l a composite number?
False
Let d(t) = -t**3 - 15*t**2 + 16*t - 3. Let c be d(-16). Is -25 + 682 + (c - -1) prime?
False
Let l = -7 - -11. Suppose 3*g = 3 + 33. Suppose -l*z - 4*o + g = -1844, -3*z + 1404 = -o. Is z a prime number?
True
Let o(h) = -15*h**2 - 3*h + 1. Let x be o(-3). Let l(y) = -82*y**2 - 6*y + 4. Let v be l(2). Let k = x - v. Is k a composite number?
False
Is ((-28)/(-16))/(5/1580*1) a composite number?
True
Let a(x) = 631*x**2 + 7*x + 15. Let d be a(-5). Suppose 43692 = 13*g + d. Is g prime?
False
Suppose 4*w - 4*c - 20 = 0, 2 + 2 = -4*w - 2*c. Is 143 - (1/w - -3) composite?
False
Suppose -5430*j + 104069 = -5423*j. Is j a composite number?
False
Let s = -2 - -3. Suppose -5 = -2*z - s. Suppose -3*p - p = -3*f - 490, z*p = 2*f + 246. Is p a composite number?
True
Let x = 826 - 552. Is x a prime number?
False
Suppose 4*f = 4*d - 19424, 0 = d - 3*d - f + 9727. Is d a prime number?
True
Let y be ((-5)/4)/(13/(-52)). Is (-6)/10 + 5758/y prime?
True
Let j(g) = 4*g + 12. Let m be j(9). Let t be m/64 - 3/4. Is t - 1 - (14 - 748) a composite number?
False
Let o(g) = -5*g - 5. Let m be o(-2). Suppose -3*a - m = -4*a. Suppose a*q - 771 = -181. Is q a composite number?
True
Let j be 8/44 - (-4182)/(-11). Let h = j + 710. Suppose 3*n + 1577 = 4*t, 4*n = t - h - 61. Is t composite?
True
Let u(q) = -1. Let s(n) = -65*n - 5. Let w(f) = s(f) + 2*u(f). Is w(-4) prime?
False
Suppose 0 = p + o + 1, -5*o + o = -3*p + 25. Let b(a) = -406*a - 11. Let i(w) = -w - 1. Let n(f) = -b(f) + 4*i(f). Is n(p) a prime number?
True
Suppose 20 + 5 = 5*d. Suppose d*f - 2502 = -4*f. Is f a composite number?
True
Let a = 12851 + -7114. Is a prime?
True
Suppose 3*f = 128 - 1100. Let t = f + 473. Is t a composite number?
False
Suppose -23*j + 15*j + 4952 = 0. Is j prime?
True
Suppose -3*u - 12 = u. Is (703/u)/((-32)/6 + 5) composite?
True
Let f(z) be the second derivative of -29*z**3/6 - 9*z**2 - 11*z. Is f(-5) composite?
False
Let v(p) = -p**2 - 6*p - 8. Let s be v(-3). Let k(j) = 396*j + 1. Let f(q) = 397*q + 1. Let g(h) = 4*f(h) - 3*k(h). Is g(s) a composite number?
False
Let l = 1311 - 573. Suppose 45 - 20 = 5*y. Suppose -4*u + 1239 = y*b, -4*b + 3*u = -b - l. Is b prime?
False
Let m be 330/4*8/10. Suppose 64*p + 1906 = m*p. Is p composite?
False
Let t(y) = -2*y**3 - 38*y**2 - 17*y + 96. Is t(-19) a prime number?
True
Let a = 12889 + -7573. Suppose 2*k - 4*c = 5*k - 2797, -4*c + 935 = k. Suppose -5*r + a = k. Is r a prime number?
True
Is (89854/(-3))/(42/(-189)) a composite number?
True
Let y = 78 - 74. Suppose x = 2*s - 401, -y*s - 3*x + 784 = x. Is s a composite number?
False
Suppose 2*s + 3*d - 79 = -30, -43 = -2*s - d. Is ((-47)/4)/((-5)/s) prime?
True
Let a = -1235 - -1842. Let l = 60 + a. Is l composite?
True
Is ((-14374)/4)/(-10 + 171/18) prime?
True
Let c = 103 + -156. Let f = c + 461. Is 5/3*f/8 prime?
False
Suppose -410*f + 386*f = -318264. Is f a composite number?
True
Let n(u) = -2*u**2 - 5*u**2 - 2*u + u**3 - 3 + 2*u. Let j be n(7). Is ((-251)/j)/(1/3) prime?
True
Suppose 4*a = 3*a + 195. Suppose 3*y - 41 = -2*j + 39, -5*j - 5*y = -a. Is j composite?
False
Suppose 5*w = 35204 + 1496. Suppose -41*x = -37*x - w. Is x prime?
False
Let f(d) = 195*d - 15. Let b be f(10). Suppose -5*c - 4*s + b = 0, 2*c - 1559 = -2*c - s. Is c prime?
False
Let f(u) = 2*u**2 + 2*u + u**2 + 2 + 4*u**2. Let k be 1 + 52/(-16) - (-2)/8. Is f(k) prime?
False
Let z(i) = -82*i - 2. Let p be z(-2). Suppose 0 = -l - 35 + p. Is l a composite number?
False
Let m be 2/10 - (-201)/(-5). Let t be ((-16)/m)/((-2)/(-20)). Suppose 0 = -4*g - 5*o + 858, -g - t*o - 442 = -3*g. Is g prime?
False
Let y be 18/99 - ((-464484)/(-33))/(-4). Let n = -2368 + y. Is n prime?
True
Let c be 0 + 2*-15 + (-4)/4. Let t = c + 90. Is t prime?
True
Suppose -5*d = -0*d - 635. Is d composite?
False
Let g = -403 - -230. Suppose -3*v - 5*c = 787, -3*v - 2*c + 3*c - 793 = 0. Let r = g - v. Is r composite?
True
Suppose -5*d - 1203 = -i, 7*d + 972 = 3*d - 4*i. Let s = 715 + d. Let 